1 + 15 - 4 - (1 - -4).
-5
Calculate -7 + -1 - (-88 + 82).
-2
What is the value of 0 - 8 - (2 - (0 + 15))?
5
-3 + 1 + -2 + 5 + -1
0
What is the value of 2 + 0 - (27 + -24)?
-1
What is 0 + 2 + 7 + -5 + -7?
-3
-7 - (-5 - (-3 + 4 + 1))
0
Calculate -35 + 33 - (-2 - (1 - 1)).
0
What is the value of -2 + 31 + -37 + -1 + 5?
-4
-9 - (4 + (5 - 14))
-4
What is the value of 6 + (2 - 12 - (-2 + -2))?
0
Evaluate (-7 - 3) + (-1 - -4) + 6.
-1
-5 - ((2 - (-3 - -5)) + 3)
-8
-21 - ((-7 - -11) + -17)
-8
What is -9 + (0 - (-10 - 1 - -7))?
-5
What is 5 + (-5 + -1 - -2)?
1
What is the value of (3 - -5) + -1 - 7?
0
What is (0 - -5) + -5 + -7 + -1?
-8
What is -2 + 0 + (-57 - -69)?
10
Calculate 1 - (14 + -7 + 2).
-8
Calculate 3 + (-20 - -14) + 6.
3
Evaluate -5 + 3 - (7 + -3).
-6
Calculate -4 + (8 - 14 - -11).
1
What is 3 - (4 + (-2 - 4))?
5
Calculate 1 + 0 + 1 + -3.
-1
What is 0 + 4 - (230 + -217)?
-9
Calculate (-1 - 0) + (11 - 15).
-5
Calculate -2 + (3 - 6) + 3.
-2
What is 3 + -11 + 0 + 0?
-8
-10 + 4 + 10 - 5
-1
What is the value of (-1 + 2 - 0) + -1 + 1?
1
What is 4 + (-4 + 0 - -4)?
4
What is the value of 3 - ((4 - 2) + 1)?
0
What is -12 + (5 - -11) - -4?
8
-4 + -5 + 5 + 7 + 4
7
What is 7 + -9 + 2 - -4?
4
What is -9 - (4 - (1 + 5))?
-7
What is the value of (3 - 1 - 3) + (2 - 0)?
1
What is the value of (-7 - -12) + 0 + -3 - 3?
-1
Evaluate 1 + 10 + 37 + -50.
-2
What is -1 - -5 - (50 - 49)?
3
What is -7 + 0 + 0 + 5?
-2
Calculate -8 - (-2 - (-3 + 7 + -3)).
-5
What is 5 - (-2 + 1 - -5) - 4?
-3
Calculate 20 + -21 - (5 + -3).
-3
What is the value of 4 + -1 + 1 + -1?
3
53 - 46 - (-1 + 11)
-3
What is the value of (-6 - -6) + 0 - (5 - 2)?
-3
What is the value of 2 + 1 + (-3 - -2) + 2?
4
Evaluate (0 - (-9 + 8)) + -6.
-5
What is the value of (7 - 13) + 1 - (2 + -7)?
0
What is the value of (2 - 11) + 7 + 9?
7
Evaluate 2 + -1 + -1 + 23 + -21.
2
Calculate 9 - (4 - (-3 - 3)).
-1
-3 + -4 - (2 - (10 - 4))
-3
What is the value of 7 - 5 - (0 - -2)?
0
Evaluate -1 + (-2 - 4) + (-1 - -14).
6
Calculate -2 - (-6 + 7 - 2).
-1
What is -4 + 1 - (-3 + 3)?
-3
What is -4 + (2 - 4 - -3)?
-3
Calculate (-5 - 3) + 7 + 5.
4
Calculate -2 - 2 - (-8 - (-2 - 1)).
1
Calculate ((0 - -3) + -2 - 0) + 5.
6
What is the value of (3 - 7 - -4) + -4 - -7?
3
What is -2 - (0 + 4 + -3)?
-3
Calculate 3 - -3 - (15 - 11).
2
What is the value of -3 + 17 + 11 + -14?
11
11 + -17 + 6 - (-2 + -2)
4
What is -8 + (1 - ((-1 - -1) + -2))?
-5
What is the value of (1 + 5 - 3) + -3 + 5?
5
What is 3 + 3 - 0 - 8?
-2
Evaluate -9 - (-14 - -7) - (4 - 1).
-5
Evaluate (-11 - -10) + (3 - 6).
-4
Evaluate -1 + -1 + 2 - (-5 - -9).
-4
(-4 - -4) + (7 - 2) - 5
0
What is -11 + -1 + 48 + -29?
7
Evaluate (-3 - 2) + 7 - -3.
5
Calculate 7 - (-1 - -13 - (7 + -2)).
0
Evaluate (5 - (-11 + 15)) + 3.
4
Calculate -2 + 6 - (6 + 1 - -1).
-4
Calculate 6 + -7 - (2 + 2 + -7).
2
Calculate 2 - (-4 + 10 + 4 + -8).
0
What is (-1 - 3) + 1 - (5 - 14)?
6
Calculate -4 - (13 + -8 - 7).
-2
What is 6 - 0 - (6 + -7 + 4)?
3
Calculate (13 - 8) + -17 + 5 + 2.
-5
What is (1 - 2) + (-4 - -1)?
-4
What is 8 + -5 + (-12 - -5) + 1?
-3
9 + -16 + 9 - 4
-2
What is 2 + -8 + (1 - (-1 + -3))?
-1
Evaluate 11 - (6 + (-4 - -4)).
5
What is the value of 3 + 2 - -2 - 4 - 10?
-7
What is the value of (4 - 3) + 11 + -15?
-3
What is the value of (8 + -7 - -1) + 1?
3
Evaluate (2 - 0) + (10 - 6) - 11.
-5
What is the value of (-8 - -16) + -4 + (0 - -2)?
6
What is the value of 5 - -2 - (2 + 0 + 2)?
3
What is 1 - (-2 - -7 - 3)?
-1
Calculate 1 + -3 + 0 + (-2 - -4).
0
What is (2 - -2) + 0 - 3?
1
What is the value of (-1 - 5) + 3 - -4?
1
Calculate (-1 - 8) + (-18 - -18).
-9
What is the value of 1 - (-2 - (3 - 1) - 0)?
5
Calculate (2 - (6 + -8)) + 8 + -7.
5
What is the value of 10 + -4 + 0 + -11?
-5
What is 0 + 0 - (0 - 6)?
6
-5 + (2 - (-4 - -6))
-5
Calculate 0 - (-2 + 0) - 3 - -4.
3
(-3 - 1) + (-5 - 6 - -10)
-5
-59 + 57 - (-2 - 2)
2
Evaluate 2 + -4 + (6 - 4) - 3.
-3
Evaluate 4 - (-2 + -1 + 4).
3
Evaluate 1 - (-7 + 0) - (0 + 3).
5
2 + (-6 - (-1 + 7 + -6))
-4
What is the value of -1 + (-4 - (-1 + (-1 - 1)))?
-2
What is 7 + 0 + -9 + 3 + 5?
6
Calculate 13 + -17 - (1 + -1 + -7).
3
Calculate 1 - (0 - (2 - (-2 + 7))).
-2
What is -12 + 7 + (7 - 1)?
1
What is 1 - 4 - (-6 + (-2 - -14))?
-9
What is the value of -1 + (5 - -2) - (3 + 1)?
2
(1 - (4 + 0)) + (-7 - -5)
-5
-3 - -2 - (-3 - (0 - 4))
-2
What is (-5 - -2) + 3 - (0 + -2)?
2
What is the value of (-12 - -17) + (2 - (7 + 1))?
-1
Calculate 4 - (2 - (-2 - -3 - 1)).
2
Evaluate (-11 - (2 - 7)) + 7.
1
Evaluate 14 + 0 + -16 + 2 + 7.
7
What is the value of 5 + 2 + (-5 - -1)?
3
What is (-14 - -8) + 1 + 2?
-3
What is -3 - -1 - -1 - (8 + -9)?
0
1 + (-1 - -3) + 10 + -7
6
1 + 2 + -1 - -2
4
What is the value of (-3 - (0 - 5) - -1) + -3?
0
What is the value of 7 + -6 + 0 + -2?
-1
6 + 4 + -10 + 0 + -4
-4
-1 - (-4 - (3 + -4 + 0))
2
What is the value of (15 + -15 - (-1 - -1)) + 1?
1
Calculate 4 - (3 + -1) - -3.
5
Calculate -1 - (8 + 5 + -7).
-7
Evaluate 0 + (-4 - (-4 + 3) - 0).
-3
(-1 - -3 - -1) + (82 - 84)
1
-2 - (4 + -10 + 3)
1
What is the value of 4 + 1 + -4 + -5 + 6?
2
What is the value of -5 + 1 - (0 - 6)?
2
-3 + 1 + 7 - 2
3
-6 - (-1 + -4 + 6) - -4
-3
Evaluate 2 + -5 + (8 - 1).
4
Calculate 5 - (0 - (-9 + -2)).
-6
-9 + 10 + -5 + (-2 - -3)
-3
-24 + (2 - -14) + (3 - 2)
-7
-10 - (-7 + (-8 - -6))
-1
Calculate -1 + 0 + (-26 - -24).
-3
-29 + 34 + -1 + -6
-2
2 - (-4 + (3 - 0)) - 0
3
Calculate (3 - ((-4 - -6) + -2)) + 0.
3
Evaluate -70 + 77 + 1 + 0.
8
What is -3 + 10 + (-3 - -2)?
6
What is (-2 - 2) + (2 - -5 - -1)?
4
-8 + (-3 - -4) + 3
-4
What is the value of (-8 - -5) + 9 - (14 - 5)?
-3
Calculate 5 + -1 + -7 - (1 - 5).
1
What is the value of -43 + 47 + 2 + -1?
5
Evaluate 0 - ((11 - 11) + -7).
7
What is -12 - 3 - (-8 - (12 - 12))?
-7
What is (8 - 2) + (-14 - -5)?
-3
Calculate (4 + -4 - (3 + 1)) + -4.
-8
What is -7 - (8 + 11 + -15)?
-11
What is -5 - (3 - (6 - 1))?
-3
5 + (-5 - -4) + -3
1
What is 3 - 6 - -8 - (-4 - -5)?
4
What is -7 + 7 + -1 + 5?
4
Evaluate -4 - 2 - 2 - -4.
-4
What is the value of (-11 - -8) + -1 - (0 - 4)?
0
Calculate 1 + 2 - (-9 + 2 - -14).
-4
What is 6 - (12 + (5 - 7))?
-4
What is the value of 5 + -10 + (3 - -1)?
-1
Calculate -3 + -4 + (-2 - -4).
-5
(2 - 3) + (3 - (7 + -1))
-4
What is 1 + 5 + 0 + 1?
7
3 + -10 + 9 + 3
5
What is -8 + 4 - (-6 - -2)?
0
Evaluate 5 - (5 - (3 + -2)).
1
Evaluate -2 + (2 - 6) + 1 + 3.
-2
-9 + 14 + 4 + -5
4
What is the value of -7 + 14 + 7 + -12?
2
Calculate -8 + (5 - -7 - 0).
4
What is the value of (-1 - (-4 + -5 + 2)) + -2?
4
What is the value of 5 - -1 - 7 - (-11 + 8)?
2
Evaluate -11 - -13 - (-3 + 4 + -5).
6
Calculate 6 - (0 - 0) - (0 + 5).
1
Evaluate 0 + 5 + -2 - (-58 - -69).
-8
Calculate -1 + -2 + (29 - 22) + -9.
-5
(-2 - 6) + (-1 - -4)
-5
What is -1 + 5 - (-4 - (3 + -17))?
-6
What is the value of 1 + (6 - (5 - -1))?
1
Evaluate -9 + (14 + -5 - 3).
-3
8 + 4 + -8 + -1 + 1
4
What is -8 - (11 + (1 - 12))?
-8
Evaluate 2 + -9 + -2 - (42 + -48).
-3
What is the value of 10 - 15 - (3 - (1 + 2))?
-5
Evaluate -1 + (7 - (4 + 0)).
2
What is (-9 - -1) + (8 - 8)?
-8
-4 + 1 - (-8 - -3)
2
Calculate 5 + (4 - (6 - -2)) + 4.
5
What is (2 - 2 - -2) + 9 + -13?
-2
0 + -1 + -9 + (5 - -10)
5
What is the value of 1 - 5 - (-8 + 4)?
0
What is -8 - ((-1 - -3) + (0 - 6))?
-4
What is -3 + 2 - 3 - 1?
-5
-1 + 6 + -6 - 0
-1
Evaluate (11 - 14) + 6 + -3.
0
5 + (-1 - 0) + 584 + -584
4
4 - (3 - ((-3 - -3) + 2))
3
What is 5 + 0 + (9 - 12) - 0?
2
What is -8 - 0 - (6 - 8 - 2)?
-4
Evaluate 5 + (0 - 4) + -8.
-7
Calculate -8 + 8 + (7 - 6).
1
What is (-7 - (-2 - 2)) + 1 + -1?
-3
What is (-2 - -9) + -17 - -9?
-1
What is -1 - -6 - 2 - (3 + -5)?
5
Evaluate (-4 - 0) + -2 - -4 - -3.
1
7 - (18 - (2 - -3) - 3)
-3
Evaluate (5 - 9) + 0 + 4.
0
(2 + -1 - (9 - 11)) + -8
-5
What is the value of 2 + -15 + -3 + 9 - -9?
2
(-52 - -45) + (-1 - -14 - -3)
9
Calculate 5 - (-4 + 2 + 6).
1
(-7 - -3) + 1 + (5 - 6)
-4
What is the value of -5 + -5 + 14 + -5?
-1
(3 + -6 - -9) + (-2 - -1)
5
Evaluate -6 + (-1 - (-13 + 6)).
0
What is (3 - (0 - -1)) + -30 + 32?
4
What is the value of 4 + (-5 - -2) + 0?
1
0 - 2 - (7 - (9 - 5))
-5
-6 + 12 - (2 - -1)
3
-4 + (-3 - -4) - -1
-2
What is the value of 0 + -2 + -4 + (1 - -6)?
1
What is the value of 6 - (-3 - (-4 - 10))?
-5
Calculate -2 - (5 - (0 - (-2 + -1))).
-4
Evalua